- 7*f**3/6 + 2*f**2. Let v be d(-6). Let p = 6 + v. What are the prime factors of p?
11
Let l(r) be the third derivative of r**5/60 - r**4/4 + 4*r**3/3 + r**2. List the prime factors of l(6).
2
Let m = 1 + 10. Suppose 2*g + 5*g - 14 = 0. Suppose -3*d - 6*l - m = -g*l, 3*d - 2*l = 19. What are the prime factors of d?
3
Let m(c) = 7*c - 1. Let s be 16/(-9) + (-6)/27. Let p be m(s). What are the prime factors of (p/12)/((-2)/16)?
2, 5
Suppose -5*w = 5*d - 55, -3*d + 6 + 11 = w. Suppose -w*n + 3*n - 15 = 0. Let b = n - -8. What are the prime factors of b?
5
Let g be 1*(-114)/2 - -1. Let u = 94 + g. Suppose c - 3*c = -u. List the prime factors of c.
19
Let g(b) = -b**3 + b**2 + 12. List the prime factors of g(0).
2, 3
Suppose -3 = 2*n + 5. What are the prime factors of 16 + n/2*-1?
2, 3
Let x(j) = -6*j - 19. List the prime factors of x(-13).
59
Let f(k) = 12*k + 247. What are the prime factors of f(0)?
13, 19
Let t be 22/77 + 12/7. Suppose -3*c = -4*a + 135, -a - t*a + 97 = 2*c. List the prime factors of a.
3, 11
Suppose 24 = 2*n + 3*y, 9 = 2*n - 3*y - 3. Suppose -3*z - 3 = -n. Suppose z*j - 10 = 14. What are the prime factors of j?
2, 3
Suppose -2*z + 0*z - m = -10, -4*z + 20 = -5*m. Suppose z*l - 178 = -28. List the prime factors of l.
2, 3, 5
Let v = 7 + 2. Let y = v - 5. Suppose -2 = y*k - 18. What are the prime factors of k?
2
Suppose 5*y - g + 1972 = -5*g, -2*g - 788 = 2*y. List the prime factors of y/(-10) + 12/30.
2, 5
Suppose 0 = -4*s + 10 + 14. Suppose -d + 5*d = 5*y - 5, -3*y + 16 = -5*d. Let c = s + y. What are the prime factors of c?
3
Suppose -2*l - 86 = -3*l - 3*w, -3*w = -4*l + 389. What are the prime factors of l?
5, 19
Let d(t) = 2*t - 10. Let a(w) = 3*w - 19. Let o(m) = -3*a(m) + 5*d(m). Suppose 5*s = -3*x + 10, 4*x + 2*s + 15 = s. List the prime factors of o(x).
2
Suppose p = 2*p. Suppose -5*z + 20 = 4*m, 0*m + 5*m + z - 4 = p. Suppose m = -2*u + 4 + 20. List the prime factors of u.
2, 3
Let c(n) = -40*n - 16. List the prime factors of c(-6).
2, 7
Suppose -4*a = 3*t - 166 + 9, -2*t - 162 = -4*a. List the prime factors of a.
2, 5
Suppose k + 0*k + 5 = -2*l, -3*k + 4*l = 15. Let u be 2 + 1 - (4 + k). Suppose -16 = 2*b - u*b. List the prime factors of b.
2
Suppose -4*c + 27 = -v, -4*c = -c + 4*v - 6. Let l be (-33)/9 + (-2)/c. What are the prime factors of 37/4 - (-1)/l?
3
Let q(a) = -5*a + 9. What are the prime factors of q(-4)?
29
Suppose 47 = -2*o - 9. Let y be (o/(-3))/(10/15). List the prime factors of -14*(1 - 26/y).
2, 3
Let i(b) = b**2 - 4*b - 7. List the prime factors of i(8).
5
List the prime factors of (-246)/(-8) + 9/36.
31
What are the prime factors of 0 + 52 + 0/4?
2, 13
Let k(n) = -3*n + 1. Let w be k(-3). Suppose 3*s = s - 5*q - w, 2*q + 18 = 2*s. What are the prime factors of s?
5
Suppose z + q - 115 = -2*q, 5*z - 2*q - 490 = 0. What are the prime factors of z?
2, 5
Suppose -32*h + 39*h = 1743. What are the prime factors of h?
3, 83
Let f(y) = -y. Let j be f(7). Suppose 8*u + 4*s - 4 = 4*u, 5*u + 7 = -2*s. Let a = u - j. What are the prime factors of a?
2
Suppose 5 = 5*q - 40. Let f = q - -7. What are the prime factors of f?
2
Suppose 3*l - 7 = 5*t, 7 = -2*t + 5*l - 11. Suppose -4*c = -47 - t. What are the prime factors of c?
2, 3
Let b = 181 - 64. What are the prime factors of b?
3, 13
Let z = -34 - -290. What are the prime factors of z?
2
Let y = 5 - 6. Let i = 6 + y. List the prime factors of i.
5
Suppose 0 = 3*c + 6*c - 1260. List the prime factors of c.
2, 5, 7
Suppose 5*k = -5*s + k + 131, -2*s = -4*k - 58. What are the prime factors of s?
3
Let s(t) = t**3 - 4*t**2 - 5*t + 7. Suppose 4*c + c = 25. Let y be s(c). Suppose -4*p - 2*v = -y*v - 80, -4*p + 80 = 4*v. What are the prime factors of p?
2, 5
Let j = 243 + -149. List the prime factors of j.
2, 47
Suppose -m = -2*a + 13, 3*m + m = -4*a - 4. Let c(f) = -f**3 - 2*f**2 + 7*f. List the prime factors of c(m).
2, 5
Suppose -2*w - 7 - 1 = 2*d, -3 = 3*d. Let c = w + 7. Suppose 0 = 3*m + c*h - 20, -2*h - 6 = m - 7*h. What are the prime factors of m?
2
Let d(x) = x**3 + 4*x**2 + 3*x. Let p be d(-2). Let a = 1 - -3. Let w = a - p. List the prime factors of w.
2
Suppose -6*j = -j - 525. Suppose -j = -6*t + t. List the prime factors of t.
3, 7
Let b(i) = -3*i**3 - i - 1. Let d be b(-1). Suppose 27 = d*w - x, -7 = -5*x + 8. List the prime factors of w.
2, 5
Suppose -2*p - p + 33 = -c, -55 = -5*p - c. List the prime factors of p.
11
Let r(u) be the second derivative of u**5/10 - u**4/6 + u**3/3 - 3*u**2/2 - 3*u. Let c(b) = -b - 5. Let a be c(-7). What are the prime factors of r(a)?
3
Let g = -1 + 5. Let u = 32 - g. List the prime factors of u.
2, 7
Suppose 2*j + 0*j + 5*n - 10 = 0, 0 = -n. Suppose 3*g + 2*g + j = 0. Let t = 4 + g. What are the prime factors of t?
3
Let w(l) = -l**3 - 3*l**2 - l - 2. What are the prime factors of w(-4)?
2, 3
Let x(g) = -81*g + 15. List the prime factors of x(-4).
3, 113
Let g(p) = 6 + 0*p**3 + 2*p**2 - 4*p**3 + 3*p**3 + 14*p + 11*p**2. What are the prime factors of g(14)?
2, 3
Suppose -5 = -2*i - 3*s + 10, 20 = 3*i + 2*s. Suppose -36 = 3*y - i*y. List the prime factors of y.
2, 3
List the prime factors of (14/3)/((-44)/(-1518)).
7, 23
Let u(a) = -a**3 + 5*a**2 + a - 3. Let m be u(5). Let q(p) = -5*p**m + 4*p**2 - 4*p - 2*p - 3. List the prime factors of q(-2).
5
Let w(k) = 15*k**3 - 2*k - 1. Let h be w(-1). Let u = -7 - h. What are the prime factors of u?
7
Let r(l) = -25*l + 38. List the prime factors of r(-8).
2, 7, 17
List the prime factors of (0 - (-6)/(-21)) + (-620)/(-14).
2, 11
Let i(u) = 0*u**2 - 5*u + u**2 + 3*u**2 + 2. List the prime factors of i(3).
23
Suppose 200 = 4*j + j. Suppose j = 2*a - 0*a - 5*w, -2*w + 4 = 0. What are the prime factors of a?
5
Suppose 3*w = 2*h + 158, -3*h + 4 = -4*w + 215. What are the prime factors of w?
2, 13
Suppose 2*o - 40 - 54 = 0. Suppose 5*c - o = 3*w, 0*c + 4*c - 3*w = 37. What are the prime factors of c?
2, 5
Let k(p) = -2*p + 2. Let z be ((-10)/25)/((-3)/(-30)). List the prime factors of k(z).
2, 5
Let x = -3 - 0. Let g(t) = -5*t - 4. What are the prime factors of g(x)?
11
Let u(y) = y**2 - 2 + y + 2*y - 3 + 3. List the prime factors of u(-6).
2
Suppose 9 = -3*h + 5*j, 3*j - 1 = h + 2*j. Suppose b = h*b - 5. Suppose 0 = p + 3*l - 1, 2*p - l = -b + 21. List the prime factors of p.
7
Suppose -3*f - 7 = -4*f. Let u be f*(-2 + 3)*-1. What are the prime factors of (-47)/u + (-4)/(-14)?
7
Let k(y) = 2 + 2 - y - 10. Let n(z) = 3*z + 17. Let s(p) = 8*k(p) + 3*n(p). What are the prime factors of s(5)?
2
Suppose 2*g - 202 - 135 = b, 2*g - 335 = -b. List the prime factors of g.
2, 3, 7
What are the prime factors of -1*((-32)/(-40) + 834/(-5))?
2, 83
Suppose 0 = -4*y + 2*d + 82 - 18, -5*y + 5*d + 75 = 0. What are the prime factors of y?
17
Let b(u) = u**3 + 6*u**2 + 2*u + 9. Suppose 6 + 6 = -2*g. Let f be b(g). List the prime factors of f/(-18)*4*15.
2, 5
Suppose 4*i = 5*s - 0*i - 12, -5*i = -3*s + 2. Let u(c) = 5*c + 0*c**2 - 4*c**2 - s + 5*c**2. What are the prime factors of u(-6)?
2
Suppose 9*l - 4*l = 0. Suppose -2*i = 2, 5*i - 25 = 2*z - l. Let x = -7 - z. What are the prime factors of x?
2
Suppose 2 = 3*g - 4, q + 2*g = 70. What are the prime factors of q?
2, 3, 11
Suppose 9 = 2*t - c - 0*c, 5*t - 45 = -5*c. Let z(g) = -g**2 + 6*g + 8. Let y be z(t). Suppose u = -3*i + 18, 0*u - i - y = -2*u. List the prime factors of u.
2, 3
Let d(b) = -b**3 + b**2 - b - 3. Let z(m) = -m + 4. Let s be z(7). Let n be d(s). Let k = -22 + n. List the prime factors of k.
2, 7
Suppose 6*o - 2*s = 2*o - 6, -9 = 2*o + s. What are the prime factors of o/(-9) - 88/(-6)?
3, 5
List the prime factors of ((-92)/3)/((-8)/12).
2, 23
Let g(a) = -5*a - 8. Let i be (0 - 2)*(-5 - -7). What are the prime factors of g(i)?
2, 3
Let u(y) = -3*y + 3. Let c(t) = 5*t - 7. Suppose 0 = 4*r - 13 - 11. Let i(p) = r*c(p) + 11*u(p). List the prime factors of i(-6).
3
Let v(s) = -10*s**2 - 4*s + 8. Let j be v(7). Let b be j/(-21) - (-6)/(-21). Let o = -11 + b. List the prime factors of o.
13
Let n = -1 - -6. Suppose b - n*l = 31, 3*l + 134 = 5*b - l. What are the prime factors of b?
2, 13
Suppose -2*g - 3*x = -4*x - 12, -g + 9 = -2*x. Suppose 0 = g*h - 2 - 28. What are the prime factors of h?
2, 3
Let k be (-14)/10 + 16/40. Let s be (-3)/